 What is the greatest common factor of 12 and w?
6
Suppose 128 + 172 = 5*f. Suppose 0 = -15*z + 266 - 86. What is the greatest common divisor of f and z?
12
Let k = 410 + -388. What is the highest common divisor of 2222 and k?
22
Suppose -21*f + 23*f - 10 = 0. Suppose -4*g - 12 = t, -4*g = 5*t - f*g - 24. Suppose -4*c = -2*c - 88. What is the greatest common divisor of t and c?
4
Let g be (36/5)/(18/60). Suppose -4*h + 8 = -4. Suppose -8 = -2*x - 2*q - 2, -33 = -4*x + h*q. Calculate the greatest common divisor of g and x.
6
Suppose -18 = -6*u - 24. Let k be (-11)/((-1 - (1 - u)) + 2). Suppose 2*b - 32 = 56. Calculate the highest common factor of k and b.
11
Suppose 2*s = -h + 2969, 3*s = -2*s + 3*h + 7395. Calculate the greatest common divisor of 342 and s.
114
Let w be (-1*4/8)/((-2)/24). Let p(x) = 7*x + 6. Let y(o) = -o - 6. Let t be y(-12). Let l be p(t). What is the greatest common factor of w and l?
6
Let p(i) = -80*i**3 - 3*i**2 - i + 2. Let g be p(-1). What is the greatest common factor of 1280 and g?
80
Let k = -28 + 123. Suppose 161*h - 164*h = -57. Calculate the greatest common divisor of k and h.
19
Let s(r) = 195*r + 102. Let v be s(4). What is the highest common factor of v and 42?
42
Suppose -2*u = -4*c + 3*c - 503, u - 248 = 4*c. Calculate the greatest common factor of u and 21.
21
Let i(j) = j + 13. Let u = 4 - -2. Suppose 28 = -2*p + u. Let o be i(p). What is the highest common factor of 10 and o?
2
Suppose -5*r - 3*v - 2*v + 20 = 0, -4*r = -5*v + 2. Suppose -q - r + 121 = 0. What is the highest common divisor of q and 17?
17
Let t = -1 - -5. Suppose -7*s - 6 = -s. Let n = s - -5. Calculate the greatest common factor of n and t.
4
Let m be 15/10*98/(-63)*-45. Let q(v) = 4*v + 1. Let p be q(5). What is the greatest common divisor of m and p?
21
Let m(a) = -a**2 + 2*a + 9. Let r be m(4). Suppose d = 3*d. Suppose 0 = b - 11 - d. What is the greatest common divisor of r and b?
1
Let m(p) = 10*p**2 - 4*p + 73. Let d be m(-10). What is the highest common factor of d and 21?
21
Suppose -3*s + 25 = g, -60 = -3*g - g - 4*s. Let k(v) = v**3 - 10*v**2 + 2*v - 12. Let f be k(g). What is the highest common divisor of f and 64?
8
Let p = 7 + -27. Let j be (-75)/p*(-160)/(-15). Calculate the highest common divisor of 5 and j.
5
Let a(v) = -v**3 - v**2 - 2*v - 4. Let x be a(-3). Suppose 0 = -4*y + 76 + 20. Suppose -2*z = z - y. What is the greatest common factor of z and x?
4
Suppose -p + 536 = -2*u, -6*p + 1608 = -3*p - u. Calculate the greatest common factor of p and 16.
8
Let c = -21 - -29. Suppose c*d - 48 - 16 = 0. Let b be 1/3 + (-263)/(-3). What is the highest common factor of b and d?
8
Let y be (2/3)/(1/432). Suppose 0 = -n + 2*n, y = 4*t - 2*n. Let b(o) = -78*o - 1318. Let g be b(-17). Calculate the highest common factor of g and t.
8
Suppose 0 = -7*c - 103 + 467. What is the highest common factor of 130 and c?
26
Let a(d) = -d**2 + 13*d - 1. Let b be ((-92)/16 - -3)*-4. Let m be a(b). Let v = 44 - m. What is the highest common divisor of v and 115?
23
Let h(m) = m - 1. Let u be h(3). Let b(j) = 3*j + 6. Let a be b(u). What is the highest common divisor of 4 and a?
4
Suppose -3*b + 102 = 3*x, 0 = -6*b + 2*b - x + 127. Suppose 2 + 10 = 4*n, 0 = 5*u - 4*n - 93. Let g = b - u. Calculate the greatest common divisor of 10 and g.
10
Let n = 1916 + -1851. What is the highest common factor of n and 52?
13
Let n be (63/28)/(0 + (-2)/(-8)). Let b(s) = 3*s**2 - 17*s + 1. Let l be b(n). What is the greatest common divisor of 13 and l?
13
Suppose h + 0*h + d = 122, -3*h - 2*d + 370 = 0. Suppose 35*v = 475 + 260. Calculate the greatest common divisor of h and v.
21
Let g(n) = 2*n**2 - 8*n + 6. Let j be g(6). Suppose 0 = 4*y + 4*i + 112, -2*i = y - 0*y + 24. Let b = -20 - y. What is the greatest common divisor of b and j?
6
Let z(l) = 3*l**2 + 11*l - 42. Let n(p) = -p**2 - 4*p + 14. Let h(f) = -11*n(f) - 4*z(f). Let c be h(0). What is the greatest common factor of 77 and c?
7
Suppose -2*x = -0*t - 5*t + 46, 2*x = 4*t - 38. Let w = -2 + 10. Let u be 15/(w + -3) + 29. What is the highest common factor of u and t?
8
Let u(g) = 28*g**3 - 2*g**2 - g. Let q be u(2). Suppose -4*h - 76 = -2*r - 288, r + q = 4*h. Calculate the greatest common divisor of h and 36.
18
Let m be 75/24 + (-3)/24. Suppose 0*g + 2*p = -2*g + 50, -m*g - 2*p = -76. Suppose g + 64 = y. What is the greatest common factor of 36 and y?
18
Suppose 2 - 4 = -m. Suppose 5*o - m*p = 743 - 142, -5*o + 583 = 4*p. Calculate the greatest common factor of o and 17.
17
Suppose 4*t + 3 - 7 = 2*k, 5*t - 5 = -5*k. Let o be (10/4)/((-3)/(-606)). Let h be (t - 4) + o/5. Calculate the greatest common factor of h and 14.
14
Let y be (-2355)/(-7) + (-3)/7. Suppose -4*s + 4*g - 3*g + 448 = 0, 3*s + 2*g - y = 0. What is the greatest common divisor of 28 and s?
28
Let o = -2 + 8. Suppose s = o*s - 70. Let n be (-4)/s - (-180)/42. What is the greatest common divisor of 1 and n?
1
Let z be ((128/(-12))/(-8))/(4/39). What is the highest common factor of z and 3?
1
Suppose -5*j + 4*j = -22. Let a = 4 + j. Calculate the highest common factor of 13 and a.
13
Let g(t) = t - 12. Let s be g(15). Let w be (-1 + s)*26/4. Calculate the greatest common factor of w and 91.
13
Let d be (20/(-12))/(1/(-3)). Suppose d*b - 3*k = 14, -b + 5*k - k - 4 = 0. Let r be 16 - (1 + -1 + b). What is the greatest common divisor of r and 36?
12
Suppose -521*w + 576 = -520*w. Calculate the greatest common factor of w and 18.
18
Let k be (-24)/(-84) - 1635/(-35). What is the highest common factor of 752 and k?
47
Suppose 3*i + 21 = 2*j, 2*j + 5*i - 75 = -2*j. Let y = j - 10. What is the greatest common divisor of y and 20?
5
Let s be (-2)/10 - (-108)/(-135). Let b be (-3 - -2)*s*1*69. Calculate the greatest common factor of 23 and b.
23
Suppose -3*t = -15, 5*p = -5*t + 9*t + 1060. Calculate the greatest common divisor of p and 162.
54
Let c be (1/2 - 0)*0. Suppose 2*q + 3*l - 52 = c, 0 = -q - 4*q + 3*l + 88. Let o = -71 - -101. Calculate the highest common divisor of q and o.
10
Let b = 474 - 379. Calculate the highest common factor of 5 and b.
5
Let r = -32 - -46. Let p(s) = s + 28. Let y be p(r). Calculate the greatest common factor of y and 21.
21
Suppose -1 = -s - 7. Let n = 8 + s. Let i be 10/(-6)*3*2/(-5). What is the highest common divisor of i and n?
2
Let t(w) = w**3 + 19*w**2 + 26*w + 7. Let s be t(-17). What is the highest common divisor of s and 65?
13
Let g be 24 - 3/((-6)/(-2)). Let x = 34 - g. Suppose 3*p - 73 = 26. Calculate the greatest common divisor of p and x.
11
Let k(g) be the second derivative of g**4/2 - g**3/2 - 2*g**2 - 3*g. Let x be k(4). Let w be (-12)/(-8)*x/3. Calculate the highest common divisor of 16 and w.
8
Let z be ((-16)/7 + 2)/(13/(-273)). Let o be 3 - (-1 + -11)/2. What is the greatest common divisor of z and o?
3
Suppose -195 = 1049*w - 1050*w. What is the greatest common factor of 39 and w?
39
Let a be (-2)/(-5) + 64186/335. Calculate the highest common divisor of a and 12.
12
Let p = -683 - -718. What is the greatest common divisor of p and 35?
35
Let a be (12/(-18))/((-2)/(-3)). Let n = a - -2. Let r be (-38 + n + -1)*-2. Calculate the highest common divisor of 19 and r.
19
Suppose 2*d + 3*x = 44 + 9, -2*x = 2*d - 50. What is the greatest common divisor of 11 and d?
11
Suppose 657 = -z + 2*z. Let v = -447 + z. What is the greatest common factor of 30 and v?
30
Let a = -55 - -51. Let w(o) = o**3 + 5*o**2 - 1. Let m be w(a). What is the greatest common divisor of 165 and m?
15
Suppose -l - 7 = 2*t - 6*l, -4*t + 3*l = 7. Let s be (-18*t/(-1))/(-5)*5. What is the highest common divisor of 2 and s?
2
Suppose -58253 + 11085 = -44*o. Calculate the greatest common divisor of o and 67.
67
Suppose -31*l + 44*l = 390. Calculate the highest common factor of l and 60.
30
Let p be 2 + -5 - (89 + 4). Let n = 142 + p. Suppose n = 5*l - 39. Calculate the highest common factor of 85 and l.
17
Suppose 15*t + 5*r - 143 = 11*t, -5*r + 185 = 5*t. Calculate the highest common divisor of t and 294.
42
Let f(a) = a + 12. Let l be f(-7). Let x = -1776 + 1831. What is the greatest common divisor of l and x?
5
Let v(u) = -88*u + 982. Let m be v(11). Calculate the greatest common divisor of 686 and m.
14
Suppose 7*y - 4